 is the remainder when 466196 is divided by 420?
416
Calculate the remainder when 17523616 is divided by 54.
22
What is the remainder when 307043 is divided by 102234?
341
Calculate the remainder when 378333 is divided by 23589.
909
Calculate the remainder when 302091 is divided by 60405.
66
What is the remainder when 230601 is divided by 5361?
78
What is the remainder when 4708232 is divided by 50626?
14
Calculate the remainder when 59363 is divided by 219.
14
What is the remainder when 1549519 is divided by 221147?
1490
What is the remainder when 2513987 is divided by 837965?
92
Calculate the remainder when 3594601 is divided by 35590.
11
Calculate the remainder when 329509 is divided by 293.
177
What is the remainder when 2111010 is divided by 4107?
12
Calculate the remainder when 10233360 is divided by 3329.
14
Calculate the remainder when 89719276 is divided by 3900838.
2
Calculate the remainder when 1650368 is divided by 35114.
10
Calculate the remainder when 9312 is divided by 786.
666
What is the remainder when 132855039 is divided by 66427514?
11
What is the remainder when 72662 is divided by 488?
438
What is the remainder when 3414547 is divided by 289?
12
Calculate the remainder when 4321996 is divided by 5.
1
What is the remainder when 5420311 is divided by 1806575?
586
Calculate the remainder when 2174115 is divided by 1419.
207
What is the remainder when 146074 is divided by 188?
186
What is the remainder when 1368697487 is divided by 148?
147
What is the remainder when 14750069 is divided by 117?
113
Calculate the remainder when 28155364 is divided by 7038838.
12
Calculate the remainder when 8783104 is divided by 8783030.
74
Calculate the remainder when 9799117 is divided by 544388.
133
Calculate the remainder when 5566 is divided by 5215.
351
What is the remainder when 8702772 is divided by 46?
32
What is the remainder when 7267094 is divided by 24?
14
What is the remainder when 219719497 is divided by 4?
1
Calculate the remainder when 225612 is divided by 3769.
3241
What is the remainder when 2727374 is divided by 545473?
9
Calculate the remainder when 118543 is divided by 13170.
13
What is the remainder when 75079636 is divided by 152?
148
What is the remainder when 238754 is divided by 3912?
122
What is the remainder when 120085 is divided by 1847?
30
What is the remainder when 864226 is divided by 864210?
16
Calculate the remainder when 18704319 is divided by 55.
29
What is the remainder when 576804148 is divided by 34?
30
Calculate the remainder when 483853 is divided by 241926.
1
Calculate the remainder when 44236 is divided by 3646.
484
Calculate the remainder when 14545500 is divided by 177384.
12
Calculate the remainder when 1150996 is divided by 71936.
20
Calculate the remainder when 18913175 is divided by 108.
107
Calculate the remainder when 240108219 is divided by 33.
21
What is the remainder when 144865 is divided by 1912?
1465
What is the remainder when 237904458 is divided by 13?
12
Calculate the remainder when 50081610 is divided by 269.
266
What is the remainder when 4237513 is divided by 61?
26
Calculate the remainder when 710579 is divided by 556.
11
Calculate the remainder when 9568383 is divided by 128.
127
What is the remainder when 6371326 is divided by 35?
31
What is the remainder when 4226882 is divided by 94?
78
What is the remainder when 310568 is divided by 2335?
13
What is the remainder when 725656 is divided by 616?
8
What is the remainder when 146210 is divided by 44?
42
What is the remainder when 429035 is divided by 340?
295
Calculate the remainder when 2086766 is divided by 29.
13
What is the remainder when 23332 is divided by 3060?
1912
Calculate the remainder when 1724744 is divided by 34.
26
Calculate the remainder when 423704 is divided by 17.
13
What is the remainder when 1244543520 is divided by 7?
3
Calculate the remainder when 37617551 is divided by 469.
468
Calculate the remainder when 9744202 is divided by 17095.
52
Calculate the remainder when 757170 is divided by 21534.
3480
Calculate the remainder when 6114800 is divided by 2038016.
752
What is the remainder when 445420498 is divided by 826?
824
Calculate the remainder when 14874868 is divided by 110.
8
Calculate the remainder when 1936311 is divided by 284.
283
What is the remainder when 388486691 is divided by 171?
170
What is the remainder when 1766702 is divided by 34641?
11
Calculate the remainder when 951481 is divided by 79288.
25
Calculate the remainder when 1488914 is divided by 19.
17
Calculate the remainder when 1320954 is divided by 4635.
4614
Calculate the remainder when 1011511 is divided by 1622.
1005
Calculate the remainder when 2298056 is divided by 465.
26
What is the remainder when 282454 is divided by 525?
4
Calculate the remainder when 185316 is divided by 5787.
132
What is the remainder when 31647 is divided by 871?
291
What is the remainder when 97872 is divided by 890?
862
Calculate the remainder when 17873687 is divided by 2368.
23
What is the remainder when 363361 is divided by 5507?
5406
What is the remainder when 177431409 is divided by 1690?
1689
Calculate the remainder when 300488 is divided by 595.
13
What is the remainder when 107156 is divided by 19390?
10206
Calculate the remainder when 38148 is divided by 12412.
912
What is the remainder when 12480711 is divided by 1473?
1455
What is the remainder when 73537 is divided by 36683?
171
What is the remainder when 1665056 is divided by 283?
167
Calculate the remainder when 55342587 is divided by 18447529.
0
What is the remainder when 4162899 is divided by 4892?
4699
What is the remainder when 8760 is divided by 2385?
1605
Calculate the remainder when 544417 is divided by 1630.
1627
What is the remainder when 77823 is divided by 496?
447
Calculate the remainder when 2052857788 is divided by 1557.
1555
What is the remainder when 1354673 is divided by 908?
845
Calculate the remainder when 2812112 is divided by 8390.
1462
What is the remainder when 55583516 is divided by 172?
168
What is the remainder when 395536 is divided by 197610?
316
Calculate the remainder when 1372836 is divided by 229.
210
What is the remainder when 359397 is divided by 3823?
35
What is the remainder when 435536 is divided by 5441?
256
What is the remainder when 2957261 is divided by 138?
59
Calculate the remainder when 1002241 is divided by 4008.
241
What is the remainder when 1024610 is divided by 6652?
202
Calculate the remainder when 139417231 is divided by 634.
631
What is the remainder when 341391 is divided by 3747?
414
What is the remainder when 6276246 is divided by 2092070?
36
Calculate the remainder when 610358 is divided by 603.
122
What is the remainder when 71253 is divided by 9864?
2205
Calculate the remainder when 67348 is divided by 32754.
1840
What is the remainder when 2078486 is divided by 1039237?
12
What is the remainder when 465004704 is divided by 303?
300
What is the remainder when 76812 is divided by 1398?
1320
Calculate the remainder when 287204 is divided by 1865.
1859
What is the remainder when 8478122 is divided by 79?
0
Calculate the remainder when 284960 is divided by 1365.
1040
What is the remainder when 22477 is divided by 2311?
1678
Calculate the remainder when 23237563 is divided by 2904688.
59
What is the remainder when 7254649 is divided by 314?
307
Calculate the remainder when 81578559 is divided by 160.
159
What is the remainder when 12083021 is divided by 238?
237
Calculate the remainder when 6086367 is divided by 284.
247
Calculate the remainder when 38086399 is divided by 80.
79
Calculate the remainder when 555548135 is divided by 132.
131
What is the remainder when 1651220118 is divided by 1478?
1474
What is the remainder when 175862 is divided by 175607?
255
Calculate the remainder when 4279300 is divided by 13939.
27
What is the remainder when 3080807 is divided by 733?
8
What is the remainder when 30351820 is divided by 99?
4
What is the remainder when 527907200 is divided by 11?
7
Calculate the remainder when 670761 is divided by 1756.
1725
What is the remainder when 5059061 is divided by 1011794?
91
Calculate the remainder when 13456172 is divided by 25.
22
What is the remainder when 15614482 is divided by 527?
526
What is the 